aluate -4 - (0 + -3) - (-178 + 223).
-46
-7 + (-3 + 5 - 3 - ((43 - 23) + -19))
-9
Calculate -3 - 2 - (102 + (26 - (-18 - -26))).
-125
What is -1030 - -931 - (13 + -5 + 0)?
-107
Calculate 35 + (-4 + -14 + 25 - 2 - (-13 - -6)).
47
Evaluate -19 + -22 + 12 + 7 + -4 - -17.
-9
Calculate (0 + 7 - (14 + (-13 - 1))) + -7.
0
What is (-2 - 3 - -34) + -79 + -1?
-51
Calculate -21 + 49 + (-31 - -30).
27
What is 0 - (-166 - -143 - (-3 - 43))?
-23
Calculate -17 - -5 - (66 - (16 - (8 - (-3 - 0)))).
-73
What is -8 - (3 - (-2 + -32 + 9 + 14))?
-22
What is -44 - -28 - (0 - 6) - -36 - 18?
8
What is the value of 48 + -53 + 30 - (-8 + (-97 - -9))?
121
(5 - 62) + 59 - 35
-33
What is (-1 - -214) + -8371 + 8265?
107
Evaluate (-4 + 24 - -8 - 49) + 104.
83
Evaluate -6 - (20 - -12 - 26).
-12
Evaluate -30 - (-138 - (-92 + -73)).
-57
Calculate 7 + (-22 - -60) - 21 - (80 - 8).
-48
What is -18 - (8 + (-13 + -63 - -11)) - 20?
19
What is -20 + 5 - 31 - ((43 - 31) + -9)?
-49
What is 6 + 7 + -7 + -17 - -58 - 0?
47
17 + (4 - (-14 + 6 + 5)) + -7 + 9
26
What is 27 + 15 - (1 + 3 - 29)?
67
Evaluate 562 + -573 - (1 + (2 - (6 + 0)) - 98).
90
What is the value of 35 + (-1 + 6 - (-45 + 47 + -11))?
49
19 - (-3 - ((-1 - 100) + (6 - -1)))
-72
What is 1 + -10 - ((-24 - -51) + -10)?
-26
Calculate 12 + -70 - 13 - (1 - -1 - (0 - -10)).
-63
Evaluate 7 - (6 - -60) - (-215 + 205).
-49
Calculate 21 - (-12 - -1 - (9 - 7 - 3)).
31
Calculate 11 - (-165 - (-15 - 97)).
64
What is (-1 - 29) + (-427 - -426) - 94?
-125
What is the value of (13 + 36 + -33 - 18) + 60?
58
Evaluate -2 - 4 - (6 - (46 + -24)).
10
What is the value of -486 + 446 - (5 - -8)?
-53
Evaluate -20 + 17 + 73 + -24.
46
What is the value of -78 + 21 - ((5 - -6) + -5 - (1 + 0))?
-62
Evaluate -5 + (-9 - -7) + 0 - -15 - (-45 + -18).
71
What is -3 + (9 - (8 - 10)) + (-7 - (-34 - -5))?
30
Evaluate -34 + -3 + (34 - 17) + (-28 - -5).
-43
-7 + 42 - (49 + -57)
43
Evaluate 43 - ((-55 - -99) + -8).
7
What is the value of 3667 + -3659 + 32 + 1?
41
-77 - -52 - (-85 + (1 - -20))
39
((3 + 3 + 5 - -1) + -14 - -1) + 38
37
Evaluate -69 + 90 - (-7 + 19 - -105).
-96
What is the value of 0 - 19 - (-414 + 131 - -229)?
35
Evaluate (-519 - -506) + (8 + -2 - -1) + -15.
-21
What is 3 + -10 + 61 + 55 + -75?
34
52 + -50 + 22 + 26
50
What is the value of -57 - (-60 + -150 + 69)?
84
-1 + (-4 - 12) + 4 + 0
-13
What is -1 + 47 + (9056 - 9023)?
79
Calculate -20 - (4 - 2 - (-13 - -7) - 8).
-20
What is the value of -8 - (1 - -8 - (-27 + (7 - -17)))?
-20
Calculate -11 - (-245 + 265 + (0 - -14)).
-45
(0 - 0) + (32 - (-122 - -87))
67
What is (3 - (-2 + -78)) + (-150 - -130) + (0 - -3)?
66
What is the value of 7 - ((-4 - 11) + (1 - -6) + (-1 - -8))?
8
Evaluate 10 - (0 - -2 - 4) - (-58458 - -58464).
6
What is the value of -3 - (1 - (55 - 4)) - (-357 - -344) - 11?
49
Evaluate -112 + 116 - (6 - (48 + 9) - (-1 - 0)).
54
Calculate 2302 + -2248 - (3 - (-2 - (2 - (1 + 1)))).
49
Evaluate -5 - (-5 - -17 - (54 - -8)).
45
0 + 45 - (-16 - -6 - -17)
38
(106 + -55 - 107) + 89
33
(1 + -1 - 8) + (294 - 252)
34
What is the value of -77954 + 77958 + (2 + -1 + -51 - 1)?
-47
What is the value of -1 - (-53 + -2) - 0 - (-12 - (-17 + 7))?
56
Calculate -4 - (-249 + 253 - (15 - -1 - 1)).
7
What is (-23 - -10) + 8 - (13 - (7 + -14))?
-25
What is the value of 25 + -1 - (-21 + (32 - (28 + -21)))?
20
9 - (-5 - (4 - 15)) - (31 - 2) - 8
-34
(8 - (7 + -4 - -15) - -3) + (3 - -53)
49
Evaluate -8 + 29 + -2 + -23 + -14.
-18
Calculate (6 + -26 - -10) + -9 + 14 + 27.
22
Evaluate -390 + 376 + 1 + 19 + -3.
3
Evaluate 68 + (-27 - 55) - (2 + 34).
-50
Calculate (-30 - (-22 - -1)) + -31 - 13.
-53
Evaluate (5 + 14 - (-9 - (-11 + (-2 - -2)))) + 5.
22
Evaluate 38 + -4 - (15 + (8 - (5 - 4 - -14))).
26
-10403 - -10415 - (0 - 118)
130
What is -19 + -28 + (6 + (-4 - 11) - -10)?
-46
What is the value of (-30 - ((10 - 43) + 11)) + (-15 - 0) + 0?
-23
Calculate -1 - 10 - (-82 + 63 - (-2 + 75) - 22).
103
Evaluate -23 + (-61 - 37) + 47.
-74
-55 - (46 + -3 + -14) - (2 - 3)
-83
Calculate 267 + -286 + (4 - 5) + 53.
33
Evaluate 8 + 1 - (2208 - 2220).
21
Calculate -32 + 20 + 21 - (-44 - (-6 + 2) - 4).
53
-4 - (-8 - (3 + -10 + 2)) - -22
21
What is the value of (-1 + -20 - (-21 + 15 - 10)) + -12?
-17
What is the value of (2 - 4) + 8 + -4 + -5 - (-27 - 52)?
76
What is -190 - (-115 - -39) - -78?
-36
Calculate 530 - 563 - (2 + (-7 - 1) + -1).
-26
Calculate 29 - (-9 - (225 + -220 - (0 - (-2 + -5)))).
36
What is 34 + -22 - (6 + -2 + -5) - -31?
44
Calculate 8 + (20 - (-41 + 30)).
39
What is the value of 42 + (85 - 41 - 36 - -15)?
65
What is 201 - 47 - 81 - 63?
10
Calculate -18 - (-22 + 10 + -1 + (-11 - (-11 + -1))).
-6
Evaluate -6 - 61 - (575 + -588).
-54
What is the value of (83 - (-4 + 9)) + (-29 - -29 - -3) + 15?
96
What is (1 - 5) + -34 + ((-17 - 22) + 5 - -19)?
-53
22 + (2 - -9 - (-19 + 7 + 10))
35
Evaluate 0 + (0 - 1 - -2) + (-4 - (18 - 27)).
6
What is (6 - 46) + (-22 - -45 - (7 + 1))?
-25
Evaluate 24 - (78 + 6 + -6 + 33).
-87
What is 1 + 7 + (6 - (20 + -3))?
-3
What is the value of 59 - (-105 - (-96 + -31))?
37
What is the value of -1 - (-2 + 16 + -22 + -15)?
22
What is -4 + -11 + 0 + 71?
56
What is -28 - (5 + 15 + -32)?
-16
Evaluate 46 + -47 + 36 - (3 - 40).
72
Evaluate -297 + 292 + (-51 - 2).
-58
0 - -15 - (-38 - (23 + 18 - 117))
-23
(-70 - -25) + 20 - 42
-67
Evaluate -26 - -30 - ((-15 - -46) + 2 + 1).
-30
What is the value of 19 + 46 + -116 - (-30 + 3)?
-24
Evaluate 47 - (27 + 72 + -12).
-40
Calculate -102 - 42 - -96 - -78.
30
Evaluate -5 + 2 + 5 - (69 + -4 + -60) - -45.
42
Evaluate (-11 + -1 - (-2 + -7) - (1 - 8)) + -52.
-48
Evaluate -31 - (32 - 12) - (7 + -15 + 7).
-50
Calculate 14 - (-26 - -79 - 11).
-28
Evaluate -139 + (254 - 107) + 0 + -5 + 0.
3
What is the value of (-17309 - -17315) + (2 - (-64 - (0 - -1)))?
73
What is -134 - (-96 + (99 - 40))?
-97
Evaluate (-24 + 4 - -17) + 26 + -10.
13
What is (-13 - -4) + 15 + 0 + -20?
-14
Calculate -23 + (24 - 22) + 102 + (2 - (1 + -5)).
87
What is the value of (8 - ((6 - (3 - 9)) + -5)) + 24?
25
Calculate -8 + -1 + -20 + 31 - (3 - 0) - -72.
71
Calculate 0 + (7 - (-8 + 13)) + -2 - 53.
-53
What is the value of 10 - ((-1 - -33) + -40 + -1 + 44)?
-25
Evaluate 0 - 25 - (4973 + -5018).
20
What is 260 - 249 - (1 + -2 + 2 + 2)?
8
What is 23 - (-7 - -15 - 10 - (-7 + -5))?
13
What is -86 + (-26 - 4 - -206)?
90
Evaluate 18 + (-20 - -9) + (-14 - -62 - -14).
69
Calculate -3 - 0 - (14 + -15) - (60 - 31).
-31
What is 83 + (-434 - -409) + (0 - 8)?
50
Calculate (11 + -3 - 58) + -9.
-59
-9 + 2 + (5 - (30 - (3 + -54)))
-83
Calculate 38 - (8 + 59 + -36).
7
What is 26 + (39 - 43) - (-8 - (2 + 9))?
41
What is -1 + 0 + 9 + (-193 - (-213 - 9))?
37
-5346 - -5469 - (54 - 1)
70
-4 - (2 + -12 - (-8 + (19 - 11 - 16)))
-10
51 + 9 + -24 + -24
12
Evaluate (94 - ((113 - 125) + 1 + 8)) + 14 + -22.
89
1 + -22 - (-2 + -14) - -52
47
49 - (-7 - -9) - (-61 - (-41 - 11))
56
Calculate -10 - (24 - (1 - -82)) - -11.
60
Evaluate -1306 + 1230 + 99 + -2.
21
Calculate (-24 + (5 - 4) - (15 - (32 + -10))) + 4.
-12
Calculate -58 - (-168 - -31 - -24).
55
Evaluate -14 - ((1 + (-16 - -7) - -11) + -65).
48
What is (20 + 11 - 98) + 31 + -32?
-68
Calculate 218 - (-94 - -284 - 73).
101
Evaluate -75 + (27 - (-21 - -14)).
-41
9 - ((2 + -1 - 12) + -4 + (44 - 16))
-4
What is 36 + (33 - 68) - (-1 - -6 - (-44 - 9))?
-57
Evaluate 32 + 1 - (-28 - -4 - (-9 + -6)).
42
Calculate -2 - 76 - (-10 - (0 - -2)) - 4.
-70
What is the value of (-4 + -2 - (18 + -6 + -13)) + 25?
20
What is the value of -23 + (-2 - -1) + -801 + 796 - (16 - 4)?
-41
What is the value of (-7 - (-29 - (-3 - 6))) + -33?
-20
Calculate 21 + (81 + -56 - (4 + -32)).
74
Calculate (-35 - -16) + (43 - 14) + -22.
-12
What is 15 + -61 + 54 + 56?
64
What is (-11 - (12 - 42)) + (0 - -1 - 15)?
5
What is the value of (-2 - (-26 - 2)) + (-2077 - -2057)?
6
What is (-7 - (-15 - (-1 + (-3 - 4)))) + (-82 - 50)?
-132
Evaluate 29 + 16 + 33 + -68 + (2 + -65 - 1).
-54
Calculate (-5 - 35) + (-18 + -5 - 0).
-63
Evaluate 108 - (26 + -13 + 29 - 41).
107
(-7 - -12) + (11 - (7 + 13))
-4
What is the value of -22 + -1 + 1 + 11600 + -11610?
-32
What is the value of 14 + (2 - 3) + -2 + 13 + (19 - 48)?
-5
What is the value of -3 + (24 + (-3 - 13) - (-13 + -4))?
22
What is the value of -53 - ((-12 - (-21 + 4)) + -24)?
-34